{"id":1422,"date":"2016-02-12T08:13:22","date_gmt":"2016-02-12T08:13:22","guid":{"rendered":"http:\/\/demos.famethemes.com\/onepress\/?page_id=25"},"modified":"2023-02-23T21:14:25","modified_gmt":"2023-02-23T21:14:25","slug":"desarrollo-de-software","status":"publish","type":"page","link":"http:\/\/slackware.org.ve\/?page_id=1422","title":{"rendered":"Desarrollo de Software"},"content":{"rendered":"\t\t<div data-elementor-type=\"wp-page\" data-elementor-id=\"1422\" class=\"elementor elementor-1422\">\n\t\t\t\t\t\t\t\t\t<section class=\"elementor-section elementor-top-section elementor-element elementor-element-6229e50 elementor-section-boxed elementor-section-height-default elementor-section-height-default\" data-id=\"6229e50\" data-element_type=\"section\">\n\t\t\t\t\t\t<div class=\"elementor-container elementor-column-gap-default\">\n\t\t\t\t\t<div class=\"elementor-column elementor-col-100 elementor-top-column elementor-element elementor-element-097d9e5\" data-id=\"097d9e5\" data-element_type=\"column\">\n\t\t\t<div class=\"elementor-widget-wrap elementor-element-populated\">\n\t\t\t\t\t\t\t\t<div class=\"elementor-element elementor-element-b988e44 elementor-invisible elementor-widget elementor-widget-image\" data-id=\"b988e44\" data-element_type=\"widget\" data-settings=\"{&quot;_animation&quot;:&quot;lightSpeedIn&quot;}\" data-widget_type=\"image.default\">\n\t\t\t\t<div class=\"elementor-widget-container\">\n\t\t\t<style>\/*! elementor - v3.11.2 - 22-02-2023 *\/\n.elementor-widget-image{text-align:center}.elementor-widget-image a{display:inline-block}.elementor-widget-image a img[src$=\".svg\"]{width:48px}.elementor-widget-image img{vertical-align:middle;display:inline-block}<\/style>\t\t\t\t\t\t\t\t\t\t\t\t<img loading=\"lazy\" decoding=\"async\" width=\"750\" height=\"429\" src=\"http:\/\/slackware.org.ve\/wp-content\/uploads\/2023\/02\/Programming-Language-Free-PNG-Image.png\" class=\"attachment-large size-large wp-image-1553\" alt=\"\" srcset=\"http:\/\/slackware.org.ve\/wp-content\/uploads\/2023\/02\/Programming-Language-Free-PNG-Image.png 750w, http:\/\/slackware.org.ve\/wp-content\/uploads\/2023\/02\/Programming-Language-Free-PNG-Image-300x172.png 300w\" sizes=\"auto, (max-width: 750px) 100vw, 750px\" \/>\t\t\t\t\t\t\t\t\t\t\t\t\t\t\t<\/div>\n\t\t\t\t<\/div>\n\t\t\t\t\t<\/div>\n\t\t<\/div>\n\t\t\t\t\t\t\t<\/div>\n\t\t<\/section>\n\t\t\t\t<section class=\"elementor-section elementor-top-section elementor-element elementor-element-eeb1934 elementor-section-boxed elementor-section-height-default elementor-section-height-default\" data-id=\"eeb1934\" data-element_type=\"section\">\n\t\t\t\t\t\t<div class=\"elementor-container elementor-column-gap-default\">\n\t\t\t\t\t<div class=\"elementor-column elementor-col-100 elementor-top-column elementor-element elementor-element-5ad6126\" data-id=\"5ad6126\" data-element_type=\"column\">\n\t\t\t<div class=\"elementor-widget-wrap elementor-element-populated\">\n\t\t\t\t\t\t\t\t<div class=\"elementor-element elementor-element-d7582b1 elementor-widget elementor-widget-text-editor\" data-id=\"d7582b1\" data-element_type=\"widget\" data-widget_type=\"text-editor.default\">\n\t\t\t\t<div class=\"elementor-widget-container\">\n\t\t\t<style>\/*! elementor - v3.11.2 - 22-02-2023 *\/\n.elementor-widget-text-editor.elementor-drop-cap-view-stacked .elementor-drop-cap{background-color:#818a91;color:#fff}.elementor-widget-text-editor.elementor-drop-cap-view-framed .elementor-drop-cap{color:#818a91;border:3px solid;background-color:transparent}.elementor-widget-text-editor:not(.elementor-drop-cap-view-default) .elementor-drop-cap{margin-top:8px}.elementor-widget-text-editor:not(.elementor-drop-cap-view-default) .elementor-drop-cap-letter{width:1em;height:1em}.elementor-widget-text-editor .elementor-drop-cap{float:left;text-align:center;line-height:1;font-size:50px}.elementor-widget-text-editor .elementor-drop-cap-letter{display:inline-block}<\/style>\t\t\t\t<p>En <strong>OpenTechnologies<\/strong>, nos apasiona el desarrollo de software para tecnolog\u00edas abiertas y libres. Nuestro equipo de desarrolladores altamente capacitados y experimentados est\u00e1 listo para ayudarte a desarrollar soluciones de software personalizadas para tus necesidades empresariales y de proyectos.<\/p><p>Nuestro enfoque de desarrollo de software es colaborativo, trabajamos estrechamente contigo para comprender tus necesidades y objetivos espec\u00edficos y desarrollar soluciones que se adapten perfectamente a tu negocio o proyecto. Ya sea que necesites una aplicaci\u00f3n m\u00f3vil personalizada, una soluci\u00f3n de software empresarial compleja o una integraci\u00f3n de sistemas, podemos ayudarte a desarrollar una soluci\u00f3n que sea funcional, escalable y segura.<\/p><p>Utilizamos tecnolog\u00edas abiertas y libres para desarrollar soluciones de software, lo que nos permite crear soluciones innovadoras y personalizadas para nuestros clientes. Nuestro enfoque es siempre el de seguir las mejores pr\u00e1cticas de desarrollo de software para garantizar que tus soluciones sean de alta calidad y cumplan con tus expectativas.<\/p><p>En <strong>OpenTechnologies<\/strong>, estamos comprometidos con ayudarte a alcanzar tus objetivos empresariales y de proyecto a trav\u00e9s del desarrollo de software para tecnolog\u00edas abiertas y libres. Cont\u00e1ctanos hoy mismo para obtener m\u00e1s informaci\u00f3n sobre c\u00f3mo podemos ayudarte con tus necesidades de desarrollo de software.<\/p>\t\t\t\t\t\t<\/div>\n\t\t\t\t<\/div>\n\t\t\t\t\t<\/div>\n\t\t<\/div>\n\t\t\t\t\t\t\t<\/div>\n\t\t<\/section>\n\t\t\t\t\t\t\t<\/div>\n\t\t","protected":false},"excerpt":{"rendered":"<p>Hacemos e implementamos Software a su medida. <\/p>\n","protected":false},"author":1,"featured_media":0,"parent":0,"menu_order":0,"comment_status":"closed","ping_status":"closed","template":"","meta":{"_joinchat":[],"footnotes":""},"class_list":["post-1422","page","type-page","status-publish","hentry"],"yoast_head":"<!-- This site is optimized with the Yoast SEO plugin v20.1 - https:\/\/yoast.com\/wordpress\/plugins\/seo\/ -->\n<title>Desarrollo de Software - Slackware de Venezuela<\/title>\n<meta name=\"description\" content=\"Desarrollo de Software Slackware de Venezuela -\" \/>\n<meta name=\"robots\" content=\"index, follow, max-snippet:-1, max-image-preview:large, max-video-preview:-1\" \/>\n<link rel=\"canonical\" href=\"https:\/\/slackware.org.ve\/?page_id=1422\" \/>\n<meta property=\"og:locale\" content=\"es_ES\" \/>\n<meta property=\"og:type\" content=\"article\" \/>\n<meta property=\"og:title\" content=\"Desarrollo de Software - Slackware de Venezuela\" \/>\n<meta property=\"og:description\" content=\"Desarrollo de Software Slackware de Venezuela -\" \/>\n<meta property=\"og:url\" content=\"https:\/\/slackware.org.ve\/?page_id=1422\" \/>\n<meta property=\"og:site_name\" content=\"Slackware de Venezuela\" \/>\n<meta property=\"article:modified_time\" content=\"2023-02-23T21:14:25+00:00\" \/>\n<meta property=\"og:image\" content=\"http:\/\/slackware.org.ve\/wp-content\/uploads\/2023\/02\/Programming-Language-Free-PNG-Image.png\" \/>\n<meta name=\"twitter:card\" content=\"summary_large_image\" \/>\n<meta name=\"twitter:label1\" content=\"Tiempo de lectura\" \/>\n\t<meta name=\"twitter:data1\" content=\"2 minutos\" \/>\n<script type=\"application\/ld+json\" class=\"yoast-schema-graph\">{\"@context\":\"https:\/\/schema.org\",\"@graph\":[{\"@type\":\"WebPage\",\"@id\":\"https:\/\/slackware.org.ve\/?page_id=1422\",\"url\":\"https:\/\/slackware.org.ve\/?page_id=1422\",\"name\":\"Desarrollo de Software - Slackware de Venezuela\",\"isPartOf\":{\"@id\":\"https:\/\/slackware.org.ve\/#website\"},\"datePublished\":\"2016-02-12T08:13:22+00:00\",\"dateModified\":\"2023-02-23T21:14:25+00:00\",\"description\":\"Desarrollo de Software Slackware de Venezuela -\",\"breadcrumb\":{\"@id\":\"https:\/\/slackware.org.ve\/?page_id=1422#breadcrumb\"},\"inLanguage\":\"es\",\"potentialAction\":[{\"@type\":\"ReadAction\",\"target\":[\"https:\/\/slackware.org.ve\/?page_id=1422\"]}]},{\"@type\":\"BreadcrumbList\",\"@id\":\"https:\/\/slackware.org.ve\/?page_id=1422#breadcrumb\",\"itemListElement\":[{\"@type\":\"ListItem\",\"position\":1,\"name\":\"Portada\",\"item\":\"https:\/\/slackware.org.ve\/\"},{\"@type\":\"ListItem\",\"position\":2,\"name\":\"Desarrollo de Software\"}]},{\"@type\":\"WebSite\",\"@id\":\"https:\/\/slackware.org.ve\/#website\",\"url\":\"https:\/\/slackware.org.ve\/\",\"name\":\"Slackware de Venezuela\",\"description\":\"\",\"publisher\":{\"@id\":\"https:\/\/slackware.org.ve\/#organization\"},\"alternateName\":\"OpenTechnologies\",\"potentialAction\":[{\"@type\":\"SearchAction\",\"target\":{\"@type\":\"EntryPoint\",\"urlTemplate\":\"https:\/\/slackware.org.ve\/?s={search_term_string}\"},\"query-input\":\"required name=search_term_string\"}],\"inLanguage\":\"es\"},{\"@type\":\"Organization\",\"@id\":\"https:\/\/slackware.org.ve\/#organization\",\"name\":\"Slackware de Venezuela\",\"url\":\"https:\/\/slackware.org.ve\/\",\"logo\":{\"@type\":\"ImageObject\",\"inLanguage\":\"es\",\"@id\":\"https:\/\/slackware.org.ve\/#\/schema\/logo\/image\/\",\"url\":\"https:\/\/slackware.org.ve\/wp-content\/uploads\/2023\/02\/cropped-S.png\",\"contentUrl\":\"https:\/\/slackware.org.ve\/wp-content\/uploads\/2023\/02\/cropped-S.png\",\"width\":512,\"height\":512,\"caption\":\"Slackware de Venezuela\"},\"image\":{\"@id\":\"https:\/\/slackware.org.ve\/#\/schema\/logo\/image\/\"}}]}<\/script>\n<!-- \/ Yoast SEO plugin. -->","yoast_head_json":{"title":"Desarrollo de Software - Slackware de Venezuela","description":"Desarrollo de Software Slackware de Venezuela -","robots":{"index":"index","follow":"follow","max-snippet":"max-snippet:-1","max-image-preview":"max-image-preview:large","max-video-preview":"max-video-preview:-1"},"canonical":"https:\/\/slackware.org.ve\/?page_id=1422","og_locale":"es_ES","og_type":"article","og_title":"Desarrollo de Software - Slackware de Venezuela","og_description":"Desarrollo de Software Slackware de Venezuela -","og_url":"https:\/\/slackware.org.ve\/?page_id=1422","og_site_name":"Slackware de Venezuela","article_modified_time":"2023-02-23T21:14:25+00:00","og_image":[{"url":"http:\/\/slackware.org.ve\/wp-content\/uploads\/2023\/02\/Programming-Language-Free-PNG-Image.png"}],"twitter_card":"summary_large_image","twitter_misc":{"Tiempo de lectura":"2 minutos"},"schema":{"@context":"https:\/\/schema.org","@graph":[{"@type":"WebPage","@id":"https:\/\/slackware.org.ve\/?page_id=1422","url":"https:\/\/slackware.org.ve\/?page_id=1422","name":"Desarrollo de Software - Slackware de Venezuela","isPartOf":{"@id":"https:\/\/slackware.org.ve\/#website"},"datePublished":"2016-02-12T08:13:22+00:00","dateModified":"2023-02-23T21:14:25+00:00","description":"Desarrollo de Software Slackware de Venezuela -","breadcrumb":{"@id":"https:\/\/slackware.org.ve\/?page_id=1422#breadcrumb"},"inLanguage":"es","potentialAction":[{"@type":"ReadAction","target":["https:\/\/slackware.org.ve\/?page_id=1422"]}]},{"@type":"BreadcrumbList","@id":"https:\/\/slackware.org.ve\/?page_id=1422#breadcrumb","itemListElement":[{"@type":"ListItem","position":1,"name":"Portada","item":"https:\/\/slackware.org.ve\/"},{"@type":"ListItem","position":2,"name":"Desarrollo de Software"}]},{"@type":"WebSite","@id":"https:\/\/slackware.org.ve\/#website","url":"https:\/\/slackware.org.ve\/","name":"Slackware de Venezuela","description":"","publisher":{"@id":"https:\/\/slackware.org.ve\/#organization"},"alternateName":"OpenTechnologies","potentialAction":[{"@type":"SearchAction","target":{"@type":"EntryPoint","urlTemplate":"https:\/\/slackware.org.ve\/?s={search_term_string}"},"query-input":"required name=search_term_string"}],"inLanguage":"es"},{"@type":"Organization","@id":"https:\/\/slackware.org.ve\/#organization","name":"Slackware de Venezuela","url":"https:\/\/slackware.org.ve\/","logo":{"@type":"ImageObject","inLanguage":"es","@id":"https:\/\/slackware.org.ve\/#\/schema\/logo\/image\/","url":"https:\/\/slackware.org.ve\/wp-content\/uploads\/2023\/02\/cropped-S.png","contentUrl":"https:\/\/slackware.org.ve\/wp-content\/uploads\/2023\/02\/cropped-S.png","width":512,"height":512,"caption":"Slackware de Venezuela"},"image":{"@id":"https:\/\/slackware.org.ve\/#\/schema\/logo\/image\/"}}]}},"_links":{"self":[{"href":"http:\/\/slackware.org.ve\/index.php?rest_route=\/wp\/v2\/pages\/1422","targetHints":{"allow":["GET"]}}],"collection":[{"href":"http:\/\/slackware.org.ve\/index.php?rest_route=\/wp\/v2\/pages"}],"about":[{"href":"http:\/\/slackware.org.ve\/index.php?rest_route=\/wp\/v2\/types\/page"}],"author":[{"embeddable":true,"href":"http:\/\/slackware.org.ve\/index.php?rest_route=\/wp\/v2\/users\/1"}],"replies":[{"embeddable":true,"href":"http:\/\/slackware.org.ve\/index.php?rest_route=%2Fwp%2Fv2%2Fcomments&post=1422"}],"version-history":[{"count":13,"href":"http:\/\/slackware.org.ve\/index.php?rest_route=\/wp\/v2\/pages\/1422\/revisions"}],"predecessor-version":[{"id":1557,"href":"http:\/\/slackware.org.ve\/index.php?rest_route=\/wp\/v2\/pages\/1422\/revisions\/1557"}],"wp:attachment":[{"href":"http:\/\/slackware.org.ve\/index.php?rest_route=%2Fwp%2Fv2%2Fmedia&parent=1422"}],"curies":[{"name":"wp","href":"https:\/\/api.w.org\/{rel}","templated":true}]}}